{"id":233,"date":"2022-11-30T09:59:21","date_gmt":"2022-11-30T09:59:21","guid":{"rendered":"https:\/\/novotelbucarest.accorv2prod.decms.eu\/weddings\/private-functions\/"},"modified":"2022-12-22T12:55:16","modified_gmt":"2022-12-22T12:55:16","slug":"evenimente-private","status":"publish","type":"page","link":"https:\/\/www.novotelbucharestcitycentre.com\/ro\/nunti\/evenimente-private\/","title":{"rendered":"EVENIMENTE PRIVATE"},"content":{"rendered":"<p>O petrecere de botez pentru un nou membru al familiei dumneavoastr\u0103&#8230; O absolvire reu\u0219it\u0103&#8230; O aniversare sau o zi de na\u0219tere de neuitat&#8230; Via\u021ba este plin\u0103 de momente care merit\u0103 s\u0103rb\u0103torite.<\/p>\n<p>La Novotel Bucharest City Centre avem o gam\u0103 larg\u0103 de spa\u021bii ideale pentru orice ocazie, de la marea noastr\u0103 sal\u0103 de bal<br \/>\nParis sau magnificul nostru Foaier, p\u00e2n\u0103 la o selec\u021bie de spa\u021bii mai intime. Managerii no\u0219tri de evenimente v\u0103 vor ajuta cu toate aranjamentele, de la op\u021biuni superbe pentru mas\u0103 \u0219i b\u0103uturi p\u00e2n\u0103 la decor \u0219i divertisment.<\/p>\n","protected":false},"excerpt":{"rendered":"<p>O petrecere de botez pentru un nou membru al familiei dumneavoastr\u0103&#8230; O absolvire reu\u0219it\u0103&#8230; O aniversare sau o zi de na\u0219tere de neuitat&#8230; Via\u021ba este plin\u0103 de momente care merit\u0103 s\u0103rb\u0103torite. La Novotel Bucharest City Centre avem o gam\u0103 larg\u0103 de spa\u021bii ideale pentru orice ocazie, de la marea noastr\u0103 sal\u0103 de bal Paris sau [&hellip;]<\/p>\n","protected":false},"author":26,"featured_media":0,"parent":232,"menu_order":71,"comment_status":"closed","ping_status":"closed","template":"","meta":{"footnotes":""},"categories":[],"class_list":["post-233","page","type-page","status-publish","hentry"],"acf":[],"yoast_head":"<!-- This site is optimized with the Yoast SEO plugin v26.9 - https:\/\/yoast.com\/product\/yoast-seo-wordpress\/ -->\n<title>Evenimente Private | Novotel Bucharest City Center | Hotel de 4 stele<\/title>\n<meta name=\"description\" content=\"Organizeaz\u0103-\u021bi evenimentul privat \u00een Bucure\u0219ti, de la absolviri la petreceri de na\u0219tere \u0219i anivers\u0103ri, \u00een spa\u021biile noastre flexibile \u0219i elegante, pentru evenimente.\" \/>\n<meta name=\"robots\" content=\"index, follow, max-snippet:-1, max-image-preview:large, max-video-preview:-1\" \/>\n<link rel=\"canonical\" href=\"https:\/\/www.novotelbucharestcitycentre.com\/ro\/nunti\/evenimente-private\/\" \/>\n<meta property=\"og:locale\" content=\"ro_RO\" \/>\n<meta property=\"og:type\" content=\"article\" \/>\n<meta property=\"og:title\" content=\"Evenimente Private | Novotel Bucharest City Center | Hotel de 4 stele\" \/>\n<meta property=\"og:description\" content=\"Organizeaz\u0103-\u021bi evenimentul privat \u00een Bucure\u0219ti, de la absolviri la petreceri de na\u0219tere \u0219i anivers\u0103ri, \u00een spa\u021biile noastre flexibile \u0219i elegante, pentru evenimente.\" \/>\n<meta property=\"og:url\" content=\"https:\/\/www.novotelbucharestcitycentre.com\/ro\/nunti\/evenimente-private\/\" \/>\n<meta property=\"og:site_name\" content=\"Novotel Bucarest City Centre SL\" \/>\n<meta property=\"article:modified_time\" content=\"2022-12-22T12:55:16+00:00\" \/>\n<meta name=\"twitter:card\" content=\"summary_large_image\" \/>\n<meta name=\"twitter:label1\" content=\"Timp estimat pentru citire\" \/>\n\t<meta name=\"twitter:data1\" content=\"1 minut\" \/>\n<script type=\"application\/ld+json\" class=\"yoast-schema-graph\">{\"@context\":\"https:\/\/schema.org\",\"@graph\":[{\"@type\":\"WebPage\",\"@id\":\"https:\/\/www.novotelbucharestcitycentre.com\/ro\/nunti\/evenimente-private\/\",\"url\":\"https:\/\/www.novotelbucharestcitycentre.com\/ro\/nunti\/evenimente-private\/\",\"name\":\"Evenimente Private | Novotel Bucharest City Center | Hotel de 4 stele\",\"isPartOf\":{\"@id\":\"https:\/\/www.novotelbucharestcitycentre.com\/#website\"},\"datePublished\":\"2022-11-30T09:59:21+00:00\",\"dateModified\":\"2022-12-22T12:55:16+00:00\",\"description\":\"Organizeaz\u0103-\u021bi evenimentul privat \u00een Bucure\u0219ti, de la absolviri la petreceri de na\u0219tere \u0219i anivers\u0103ri, \u00een spa\u021biile noastre flexibile \u0219i elegante, pentru evenimente.\",\"breadcrumb\":{\"@id\":\"https:\/\/www.novotelbucharestcitycentre.com\/ro\/nunti\/evenimente-private\/#breadcrumb\"},\"inLanguage\":\"ro-RO\",\"potentialAction\":[{\"@type\":\"ReadAction\",\"target\":[\"https:\/\/www.novotelbucharestcitycentre.com\/ro\/nunti\/evenimente-private\/\"]}]},{\"@type\":\"BreadcrumbList\",\"@id\":\"https:\/\/www.novotelbucharestcitycentre.com\/ro\/nunti\/evenimente-private\/#breadcrumb\",\"itemListElement\":[{\"@type\":\"ListItem\",\"position\":1,\"name\":\"Home\",\"item\":\"https:\/\/www.novotelbucharestcitycentre.com\/ro\/\"},{\"@type\":\"ListItem\",\"position\":2,\"name\":\"NUN\u021aI\",\"item\":\"https:\/\/www.novotelbucharestcitycentre.com\/ro\/nunti\/\"},{\"@type\":\"ListItem\",\"position\":3,\"name\":\"EVENIMENTE PRIVATE\"}]},{\"@type\":\"WebSite\",\"@id\":\"https:\/\/www.novotelbucharestcitycentre.com\/#website\",\"url\":\"https:\/\/www.novotelbucharestcitycentre.com\/\",\"name\":\"Novotel Bucarest City Centre SL\",\"description\":\"Just another D-Edge Accor V2 Sites Hosting site\",\"potentialAction\":[{\"@type\":\"SearchAction\",\"target\":{\"@type\":\"EntryPoint\",\"urlTemplate\":\"https:\/\/www.novotelbucharestcitycentre.com\/?s={search_term_string}\"},\"query-input\":{\"@type\":\"PropertyValueSpecification\",\"valueRequired\":true,\"valueName\":\"search_term_string\"}}],\"inLanguage\":\"ro-RO\"}]}<\/script>\n<!-- \/ Yoast SEO plugin. -->","yoast_head_json":{"title":"Evenimente Private | Novotel Bucharest City Center | Hotel de 4 stele","description":"Organizeaz\u0103-\u021bi evenimentul privat \u00een Bucure\u0219ti, de la absolviri la petreceri de na\u0219tere \u0219i anivers\u0103ri, \u00een spa\u021biile noastre flexibile \u0219i elegante, pentru evenimente.","robots":{"index":"index","follow":"follow","max-snippet":"max-snippet:-1","max-image-preview":"max-image-preview:large","max-video-preview":"max-video-preview:-1"},"canonical":"https:\/\/www.novotelbucharestcitycentre.com\/ro\/nunti\/evenimente-private\/","og_locale":"ro_RO","og_type":"article","og_title":"Evenimente Private | Novotel Bucharest City Center | Hotel de 4 stele","og_description":"Organizeaz\u0103-\u021bi evenimentul privat \u00een Bucure\u0219ti, de la absolviri la petreceri de na\u0219tere \u0219i anivers\u0103ri, \u00een spa\u021biile noastre flexibile \u0219i elegante, pentru evenimente.","og_url":"https:\/\/www.novotelbucharestcitycentre.com\/ro\/nunti\/evenimente-private\/","og_site_name":"Novotel Bucarest City Centre SL","article_modified_time":"2022-12-22T12:55:16+00:00","twitter_card":"summary_large_image","twitter_misc":{"Timp estimat pentru citire":"1 minut"},"schema":{"@context":"https:\/\/schema.org","@graph":[{"@type":"WebPage","@id":"https:\/\/www.novotelbucharestcitycentre.com\/ro\/nunti\/evenimente-private\/","url":"https:\/\/www.novotelbucharestcitycentre.com\/ro\/nunti\/evenimente-private\/","name":"Evenimente Private | Novotel Bucharest City Center | Hotel de 4 stele","isPartOf":{"@id":"https:\/\/www.novotelbucharestcitycentre.com\/#website"},"datePublished":"2022-11-30T09:59:21+00:00","dateModified":"2022-12-22T12:55:16+00:00","description":"Organizeaz\u0103-\u021bi evenimentul privat \u00een Bucure\u0219ti, de la absolviri la petreceri de na\u0219tere \u0219i anivers\u0103ri, \u00een spa\u021biile noastre flexibile \u0219i elegante, pentru evenimente.","breadcrumb":{"@id":"https:\/\/www.novotelbucharestcitycentre.com\/ro\/nunti\/evenimente-private\/#breadcrumb"},"inLanguage":"ro-RO","potentialAction":[{"@type":"ReadAction","target":["https:\/\/www.novotelbucharestcitycentre.com\/ro\/nunti\/evenimente-private\/"]}]},{"@type":"BreadcrumbList","@id":"https:\/\/www.novotelbucharestcitycentre.com\/ro\/nunti\/evenimente-private\/#breadcrumb","itemListElement":[{"@type":"ListItem","position":1,"name":"Home","item":"https:\/\/www.novotelbucharestcitycentre.com\/ro\/"},{"@type":"ListItem","position":2,"name":"NUN\u021aI","item":"https:\/\/www.novotelbucharestcitycentre.com\/ro\/nunti\/"},{"@type":"ListItem","position":3,"name":"EVENIMENTE PRIVATE"}]},{"@type":"WebSite","@id":"https:\/\/www.novotelbucharestcitycentre.com\/#website","url":"https:\/\/www.novotelbucharestcitycentre.com\/","name":"Novotel Bucarest City Centre SL","description":"Just another D-Edge Accor V2 Sites Hosting site","potentialAction":[{"@type":"SearchAction","target":{"@type":"EntryPoint","urlTemplate":"https:\/\/www.novotelbucharestcitycentre.com\/?s={search_term_string}"},"query-input":{"@type":"PropertyValueSpecification","valueRequired":true,"valueName":"search_term_string"}}],"inLanguage":"ro-RO"}]}},"_links":{"self":[{"href":"https:\/\/www.novotelbucharestcitycentre.com\/ro\/wp-json\/wp\/v2\/pages\/233","targetHints":{"allow":["GET"]}}],"collection":[{"href":"https:\/\/www.novotelbucharestcitycentre.com\/ro\/wp-json\/wp\/v2\/pages"}],"about":[{"href":"https:\/\/www.novotelbucharestcitycentre.com\/ro\/wp-json\/wp\/v2\/types\/page"}],"author":[{"embeddable":true,"href":"https:\/\/www.novotelbucharestcitycentre.com\/ro\/wp-json\/wp\/v2\/users\/26"}],"replies":[{"embeddable":true,"href":"https:\/\/www.novotelbucharestcitycentre.com\/ro\/wp-json\/wp\/v2\/comments?post=233"}],"version-history":[{"count":0,"href":"https:\/\/www.novotelbucharestcitycentre.com\/ro\/wp-json\/wp\/v2\/pages\/233\/revisions"}],"up":[{"embeddable":true,"href":"https:\/\/www.novotelbucharestcitycentre.com\/ro\/wp-json\/wp\/v2\/pages\/232"}],"wp:attachment":[{"href":"https:\/\/www.novotelbucharestcitycentre.com\/ro\/wp-json\/wp\/v2\/media?parent=233"}],"wp:term":[{"taxonomy":"category","embeddable":true,"href":"https:\/\/www.novotelbucharestcitycentre.com\/ro\/wp-json\/wp\/v2\/categories?post=233"}],"curies":[{"name":"wp","href":"https:\/\/api.w.org\/{rel}","templated":true}]}}

<p>O petrecere de botez pentru un nou membru al familiei dumneavoastră&#8230; O absolvire reușită&#8230; O aniversare sau o zi de naștere de neuitat&#8230; Viața este plină de momente care merită sărbătorite.</p>
<p>La Novotel Bucharest City Centre avem o gamă largă de spații ideale pentru orice ocazie, de la marea noastră sală de bal<br />
Paris sau magnificul nostru Foaier, până la o selecție de spații mai intime. Managerii noștri de evenimente vă vor ajuta cu toate aranjamentele, de la opțiuni superbe pentru masă și băuturi până la decor și divertisment.</p>

<p>O petrecere de botez pentru un nou membru al familiei dumneavoastră&#8230; O absolvire reușită&#8230; O aniversare sau o zi de naștere de neuitat&#8230; Viața este plină de momente care merită sărbătorite. La Novotel Bucharest City Centre avem o gamă largă de spații ideale pentru orice ocazie, de la marea noastră sală de bal Paris sau [&hellip;]</p>

<!-- This site is optimized with the Yoast SEO plugin v26.9 - https://yoast.com/product/yoast-seo-wordpress/ -->
<title>Evenimente Private | Novotel Bucharest City Center | Hotel de 4 stele</title>
<meta name="description" content="Organizează-ți evenimentul privat în București, de la absolviri la petreceri de naștere și aniversări, în spațiile noastre flexibile și elegante, pentru evenimente." />
<meta name="robots" content="index, follow, max-snippet:-1, max-image-preview:large, max-video-preview:-1" />
<link rel="canonical" href="https://www.novotelbucharestcitycentre.com/ro/nunti/evenimente-private/" />
<meta property="og:locale" content="ro_RO" />
<meta property="og:type" content="article" />
<meta property="og:title" content="Evenimente Private | Novotel Bucharest City Center | Hotel de 4 stele" />
<meta property="og:description" content="Organizează-ți evenimentul privat în București, de la absolviri la petreceri de naștere și aniversări, în spațiile noastre flexibile și elegante, pentru evenimente." />
<meta property="og:url" content="https://www.novotelbucharestcitycentre.com/ro/nunti/evenimente-private/" />
<meta property="og:site_name" content="Novotel Bucarest City Centre SL" />
<meta property="article:modified_time" content="2022-12-22T12:55:16+00:00" />
<meta name="twitter:card" content="summary_large_image" />
<meta name="twitter:label1" content="Timp estimat pentru citire" />
	<meta name="twitter:data1" content="1 minut" />
<script type="application/ld+json" class="yoast-schema-graph">{"@context":"https://schema.org","@graph":[{"@type":"WebPage","@id":"https://www.novotelbucharestcitycentre.com/ro/nunti/evenimente-private/","url":"https://www.novotelbucharestcitycentre.com/ro/nunti/evenimente-private/","name":"Evenimente Private | Novotel Bucharest City Center | Hotel de 4 stele","isPartOf":{"@id":"https://www.novotelbucharestcitycentre.com/#website"},"datePublished":"2022-11-30T09:59:21+00:00","dateModified":"2022-12-22T12:55:16+00:00","description":"Organizează-ți evenimentul privat în București, de la absolviri la petreceri de naștere și aniversări, în spațiile noastre flexibile și elegante, pentru evenimente.","breadcrumb":{"@id":"https://www.novotelbucharestcitycentre.com/ro/nunti/evenimente-private/#breadcrumb"},"inLanguage":"ro-RO","potentialAction":[{"@type":"ReadAction","target":["https://www.novotelbucharestcitycentre.com/ro/nunti/evenimente-private/"]}]},{"@type":"BreadcrumbList","@id":"https://www.novotelbucharestcitycentre.com/ro/nunti/evenimente-private/#breadcrumb","itemListElement":[{"@type":"ListItem","position":1,"name":"Home","item":"https://www.novotelbucharestcitycentre.com/ro/"},{"@type":"ListItem","position":2,"name":"NUNȚI","item":"https://www.novotelbucharestcitycentre.com/ro/nunti/"},{"@type":"ListItem","position":3,"name":"EVENIMENTE PRIVATE"}]},{"@type":"WebSite","@id":"https://www.novotelbucharestcitycentre.com/#website","url":"https://www.novotelbucharestcitycentre.com/","name":"Novotel Bucarest City Centre SL","description":"Just another D-Edge Accor V2 Sites Hosting site","potentialAction":[{"@type":"SearchAction","target":{"@type":"EntryPoint","urlTemplate":"https://www.novotelbucharestcitycentre.com/?s={search_term_string}"},"query-input":{"@type":"PropertyValueSpecification","valueRequired":true,"valueName":"search_term_string"}}],"inLanguage":"ro-RO"}]}</script>
<!-- / Yoast SEO plugin. -->

Organizează-ți evenimentul privat în București, de la absolviri la petreceri de naștere și aniversări, în spațiile noastre flexibile și elegante, pentru evenimente.

NUNȚI
