{"id":300,"date":"2022-11-29T16:14:26","date_gmt":"2022-11-29T16:14:26","guid":{"rendered":"https:\/\/novotelbucarest.accorv2prod.decms.eu\/chambres-appartements\/presidential-suite\/"},"modified":"2022-12-22T11:57:05","modified_gmt":"2022-12-22T11:57:05","slug":"appartement-presidentiel","status":"publish","type":"page","link":"https:\/\/www.novotelbucharestcitycentre.com\/fr\/chambres-appartements\/appartement-presidentiel\/","title":{"rendered":"APPARTEMENT PRESIDENTIEL"},"content":{"rendered":"<p>Soyez les bienvenus au point culminant de l\u2019h\u00e9bergement de lux au centre-ville de Bucarest ! Notre appartement Pr\u00e9sidentiel a 105m\u00b2 de surface con\u00e7ue de mani\u00e8re intuitive, design int\u00e9rieur impr\u00e9gn\u00e9 avec de l\u2019\u00e9l\u00e9gance et des panoramas sur l\u2019horizon s\u00e9duisant de la ville.<\/p>\n<p>N\u2019importe si vous recevez des invit\u00e9s, vous voyagez avec la famille ou tout simplement vous voulez vous \u00e9taler, l\u2019Appartement Pr\u00e9sidentiel offre tout le confort premium que vous attendez. La zone de s\u00e9jour \u00e9tendue a son propre bar dans l\u2019appartement, tandis que la zone de repas s\u00e9par\u00e9e sert aussi d\u2019espace pour des r\u00e9unions d\u2019affaires discr\u00e8tes. Une chambre \u00e0 coucher s\u00e9par\u00e9e m\u00e8ne \u00e0 une salle de bains priv\u00e9e luxueuse, avec un baignoire spa, des lavabos pour Madame et pour Monsieur et une douche ind\u00e9pendante avec un effet de pluie.<\/p>\n<p>Il est inutile de vous dire qu\u2019il y a une s\u00e9rie d\u2019autres b\u00e9n\u00e9fices qui viennent avec votre appartement de lux sur Calea Victoriei, y compris des boissons et des gout\u00e9es gratuites du minibar, une machine \u00e0 expresso, un parking s\u00e9curis\u00e9 gratuit et l\u2019utilisation gratuite de la salle de r\u00e9union (selon la disponibilit\u00e9).<\/p>\n","protected":false},"excerpt":{"rendered":"<p>Soyez les bienvenus au point culminant de l\u2019h\u00e9bergement de lux au centre-ville de Bucarest ! Notre appartement Pr\u00e9sidentiel a 105m\u00b2 de surface con\u00e7ue de mani\u00e8re intuitive, design int\u00e9rieur impr\u00e9gn\u00e9 avec de l\u2019\u00e9l\u00e9gance et des panoramas sur l\u2019horizon s\u00e9duisant de la ville. N\u2019importe si vous recevez des invit\u00e9s, vous voyagez avec la famille ou tout simplement [&hellip;]<\/p>\n","protected":false},"author":26,"featured_media":0,"parent":267,"menu_order":16,"comment_status":"closed","ping_status":"closed","template":"template-room.php","meta":{"footnotes":""},"categories":[52],"class_list":["post-300","page","type-page","status-publish","hentry","category-appartament"],"acf":[],"yoast_head":"<!-- This site is optimized with the Yoast SEO plugin v26.9 - https:\/\/yoast.com\/product\/yoast-seo-wordpress\/ -->\n<title>Appartement Pr\u00e9sidentiel | Novotel Bucharest City Center | H\u00f4tel 4 \u00e9toiles<\/title>\n<meta name=\"description\" content=\"R\u00e9servez l\u2019Appartement Pr\u00e9sidentiel exclusif, pour la meilleure place d\u2019h\u00e9bergement de lux de Bucarest, avec des zones s\u00e9par\u00e9es de jour, de repas, de dormir et avec un bar dans l\u2019appartement.\" \/>\n<meta name=\"robots\" content=\"index, follow, max-snippet:-1, max-image-preview:large, max-video-preview:-1\" \/>\n<link rel=\"canonical\" href=\"https:\/\/www.novotelbucharestcitycentre.com\/fr\/chambres-appartements\/appartement-presidentiel\/\" \/>\n<meta property=\"og:locale\" content=\"fr_FR\" \/>\n<meta property=\"og:type\" content=\"article\" \/>\n<meta property=\"og:title\" content=\"Appartement Pr\u00e9sidentiel | Novotel Bucharest City Center | H\u00f4tel 4 \u00e9toiles\" \/>\n<meta property=\"og:description\" content=\"R\u00e9servez l\u2019Appartement Pr\u00e9sidentiel exclusif, pour la meilleure place d\u2019h\u00e9bergement de lux de Bucarest, avec des zones s\u00e9par\u00e9es de jour, de repas, de dormir et avec un bar dans l\u2019appartement.\" \/>\n<meta property=\"og:url\" content=\"https:\/\/www.novotelbucharestcitycentre.com\/fr\/chambres-appartements\/appartement-presidentiel\/\" \/>\n<meta property=\"og:site_name\" content=\"Novotel Bucarest City Centre SL\" \/>\n<meta property=\"article:modified_time\" content=\"2022-12-22T11:57:05+00:00\" \/>\n<meta name=\"twitter:card\" content=\"summary_large_image\" \/>\n<meta name=\"twitter:label1\" content=\"Dur\u00e9e de lecture est.\" \/>\n\t<meta name=\"twitter:data1\" content=\"1 minute\" \/>\n<script type=\"application\/ld+json\" class=\"yoast-schema-graph\">{\"@context\":\"https:\/\/schema.org\",\"@graph\":[{\"@type\":\"WebPage\",\"@id\":\"https:\/\/www.novotelbucharestcitycentre.com\/fr\/chambres-appartements\/appartement-presidentiel\/\",\"url\":\"https:\/\/www.novotelbucharestcitycentre.com\/fr\/chambres-appartements\/appartement-presidentiel\/\",\"name\":\"Appartement Pr\u00e9sidentiel | Novotel Bucharest City Center | H\u00f4tel 4 \u00e9toiles\",\"isPartOf\":{\"@id\":\"https:\/\/www.novotelbucharestcitycentre.com\/#website\"},\"datePublished\":\"2022-11-29T16:14:26+00:00\",\"dateModified\":\"2022-12-22T11:57:05+00:00\",\"description\":\"R\u00e9servez l\u2019Appartement Pr\u00e9sidentiel exclusif, pour la meilleure place d\u2019h\u00e9bergement de lux de Bucarest, avec des zones s\u00e9par\u00e9es de jour, de repas, de dormir et avec un bar dans l\u2019appartement.\",\"breadcrumb\":{\"@id\":\"https:\/\/www.novotelbucharestcitycentre.com\/fr\/chambres-appartements\/appartement-presidentiel\/#breadcrumb\"},\"inLanguage\":\"fr-FR\",\"potentialAction\":[{\"@type\":\"ReadAction\",\"target\":[\"https:\/\/www.novotelbucharestcitycentre.com\/fr\/chambres-appartements\/appartement-presidentiel\/\"]}]},{\"@type\":\"BreadcrumbList\",\"@id\":\"https:\/\/www.novotelbucharestcitycentre.com\/fr\/chambres-appartements\/appartement-presidentiel\/#breadcrumb\",\"itemListElement\":[{\"@type\":\"ListItem\",\"position\":1,\"name\":\"Home\",\"item\":\"https:\/\/www.novotelbucharestcitycentre.com\/fr\/\"},{\"@type\":\"ListItem\",\"position\":2,\"name\":\"CHAMBRES &#038; APPARTEMENTS\",\"item\":\"https:\/\/www.novotelbucharestcitycentre.com\/fr\/chambres-appartements\/\"},{\"@type\":\"ListItem\",\"position\":3,\"name\":\"APPARTEMENT PRESIDENTIEL\"}]},{\"@type\":\"WebSite\",\"@id\":\"https:\/\/www.novotelbucharestcitycentre.com\/#website\",\"url\":\"https:\/\/www.novotelbucharestcitycentre.com\/\",\"name\":\"Novotel Bucarest City Centre SL\",\"description\":\"Just another D-Edge Accor V2 Sites Hosting site\",\"potentialAction\":[{\"@type\":\"SearchAction\",\"target\":{\"@type\":\"EntryPoint\",\"urlTemplate\":\"https:\/\/www.novotelbucharestcitycentre.com\/?s={search_term_string}\"},\"query-input\":{\"@type\":\"PropertyValueSpecification\",\"valueRequired\":true,\"valueName\":\"search_term_string\"}}],\"inLanguage\":\"fr-FR\"}]}<\/script>\n<!-- \/ Yoast SEO plugin. -->","yoast_head_json":{"title":"Appartement Pr\u00e9sidentiel | Novotel Bucharest City Center | H\u00f4tel 4 \u00e9toiles","description":"R\u00e9servez l\u2019Appartement Pr\u00e9sidentiel exclusif, pour la meilleure place d\u2019h\u00e9bergement de lux de Bucarest, avec des zones s\u00e9par\u00e9es de jour, de repas, de dormir et avec un bar dans l\u2019appartement.","robots":{"index":"index","follow":"follow","max-snippet":"max-snippet:-1","max-image-preview":"max-image-preview:large","max-video-preview":"max-video-preview:-1"},"canonical":"https:\/\/www.novotelbucharestcitycentre.com\/fr\/chambres-appartements\/appartement-presidentiel\/","og_locale":"fr_FR","og_type":"article","og_title":"Appartement Pr\u00e9sidentiel | Novotel Bucharest City Center | H\u00f4tel 4 \u00e9toiles","og_description":"R\u00e9servez l\u2019Appartement Pr\u00e9sidentiel exclusif, pour la meilleure place d\u2019h\u00e9bergement de lux de Bucarest, avec des zones s\u00e9par\u00e9es de jour, de repas, de dormir et avec un bar dans l\u2019appartement.","og_url":"https:\/\/www.novotelbucharestcitycentre.com\/fr\/chambres-appartements\/appartement-presidentiel\/","og_site_name":"Novotel Bucarest City Centre SL","article_modified_time":"2022-12-22T11:57:05+00:00","twitter_card":"summary_large_image","twitter_misc":{"Dur\u00e9e de lecture est.":"1 minute"},"schema":{"@context":"https:\/\/schema.org","@graph":[{"@type":"WebPage","@id":"https:\/\/www.novotelbucharestcitycentre.com\/fr\/chambres-appartements\/appartement-presidentiel\/","url":"https:\/\/www.novotelbucharestcitycentre.com\/fr\/chambres-appartements\/appartement-presidentiel\/","name":"Appartement Pr\u00e9sidentiel | Novotel Bucharest City Center | H\u00f4tel 4 \u00e9toiles","isPartOf":{"@id":"https:\/\/www.novotelbucharestcitycentre.com\/#website"},"datePublished":"2022-11-29T16:14:26+00:00","dateModified":"2022-12-22T11:57:05+00:00","description":"R\u00e9servez l\u2019Appartement Pr\u00e9sidentiel exclusif, pour la meilleure place d\u2019h\u00e9bergement de lux de Bucarest, avec des zones s\u00e9par\u00e9es de jour, de repas, de dormir et avec un bar dans l\u2019appartement.","breadcrumb":{"@id":"https:\/\/www.novotelbucharestcitycentre.com\/fr\/chambres-appartements\/appartement-presidentiel\/#breadcrumb"},"inLanguage":"fr-FR","potentialAction":[{"@type":"ReadAction","target":["https:\/\/www.novotelbucharestcitycentre.com\/fr\/chambres-appartements\/appartement-presidentiel\/"]}]},{"@type":"BreadcrumbList","@id":"https:\/\/www.novotelbucharestcitycentre.com\/fr\/chambres-appartements\/appartement-presidentiel\/#breadcrumb","itemListElement":[{"@type":"ListItem","position":1,"name":"Home","item":"https:\/\/www.novotelbucharestcitycentre.com\/fr\/"},{"@type":"ListItem","position":2,"name":"CHAMBRES &#038; APPARTEMENTS","item":"https:\/\/www.novotelbucharestcitycentre.com\/fr\/chambres-appartements\/"},{"@type":"ListItem","position":3,"name":"APPARTEMENT PRESIDENTIEL"}]},{"@type":"WebSite","@id":"https:\/\/www.novotelbucharestcitycentre.com\/#website","url":"https:\/\/www.novotelbucharestcitycentre.com\/","name":"Novotel Bucarest City Centre SL","description":"Just another D-Edge Accor V2 Sites Hosting site","potentialAction":[{"@type":"SearchAction","target":{"@type":"EntryPoint","urlTemplate":"https:\/\/www.novotelbucharestcitycentre.com\/?s={search_term_string}"},"query-input":{"@type":"PropertyValueSpecification","valueRequired":true,"valueName":"search_term_string"}}],"inLanguage":"fr-FR"}]}},"_links":{"self":[{"href":"https:\/\/www.novotelbucharestcitycentre.com\/fr\/wp-json\/wp\/v2\/pages\/300","targetHints":{"allow":["GET"]}}],"collection":[{"href":"https:\/\/www.novotelbucharestcitycentre.com\/fr\/wp-json\/wp\/v2\/pages"}],"about":[{"href":"https:\/\/www.novotelbucharestcitycentre.com\/fr\/wp-json\/wp\/v2\/types\/page"}],"author":[{"embeddable":true,"href":"https:\/\/www.novotelbucharestcitycentre.com\/fr\/wp-json\/wp\/v2\/users\/26"}],"replies":[{"embeddable":true,"href":"https:\/\/www.novotelbucharestcitycentre.com\/fr\/wp-json\/wp\/v2\/comments?post=300"}],"version-history":[{"count":0,"href":"https:\/\/www.novotelbucharestcitycentre.com\/fr\/wp-json\/wp\/v2\/pages\/300\/revisions"}],"up":[{"embeddable":true,"href":"https:\/\/www.novotelbucharestcitycentre.com\/fr\/wp-json\/wp\/v2\/pages\/267"}],"wp:attachment":[{"href":"https:\/\/www.novotelbucharestcitycentre.com\/fr\/wp-json\/wp\/v2\/media?parent=300"}],"wp:term":[{"taxonomy":"category","embeddable":true,"href":"https:\/\/www.novotelbucharestcitycentre.com\/fr\/wp-json\/wp\/v2\/categories?post=300"}],"curies":[{"name":"wp","href":"https:\/\/api.w.org\/{rel}","templated":true}]}}

<p>Soyez les bienvenus au point culminant de l’hébergement de lux au centre-ville de Bucarest ! Notre appartement Présidentiel a 105m² de surface conçue de manière intuitive, design intérieur imprégné avec de l’élégance et des panoramas sur l’horizon séduisant de la ville.</p>
<p>N’importe si vous recevez des invités, vous voyagez avec la famille ou tout simplement vous voulez vous étaler, l’Appartement Présidentiel offre tout le confort premium que vous attendez. La zone de séjour étendue a son propre bar dans l’appartement, tandis que la zone de repas séparée sert aussi d’espace pour des réunions d’affaires discrètes. Une chambre à coucher séparée mène à une salle de bains privée luxueuse, avec un baignoire spa, des lavabos pour Madame et pour Monsieur et une douche indépendante avec un effet de pluie.</p>
<p>Il est inutile de vous dire qu’il y a une série d’autres bénéfices qui viennent avec votre appartement de lux sur Calea Victoriei, y compris des boissons et des goutées gratuites du minibar, une machine à expresso, un parking sécurisé gratuit et l’utilisation gratuite de la salle de réunion (selon la disponibilité).</p>

<p>Soyez les bienvenus au point culminant de l’hébergement de lux au centre-ville de Bucarest ! Notre appartement Présidentiel a 105m² de surface conçue de manière intuitive, design intérieur imprégné avec de l’élégance et des panoramas sur l’horizon séduisant de la ville. N’importe si vous recevez des invités, vous voyagez avec la famille ou tout simplement [&hellip;]</p>

<!-- This site is optimized with the Yoast SEO plugin v26.9 - https://yoast.com/product/yoast-seo-wordpress/ -->
<title>Appartement Présidentiel | Novotel Bucharest City Center | Hôtel 4 étoiles</title>
<meta name="description" content="Réservez l’Appartement Présidentiel exclusif, pour la meilleure place d’hébergement de lux de Bucarest, avec des zones séparées de jour, de repas, de dormir et avec un bar dans l’appartement." />
<meta name="robots" content="index, follow, max-snippet:-1, max-image-preview:large, max-video-preview:-1" />
<link rel="canonical" href="https://www.novotelbucharestcitycentre.com/fr/chambres-appartements/appartement-presidentiel/" />
<meta property="og:locale" content="fr_FR" />
<meta property="og:type" content="article" />
<meta property="og:title" content="Appartement Présidentiel | Novotel Bucharest City Center | Hôtel 4 étoiles" />
<meta property="og:description" content="Réservez l’Appartement Présidentiel exclusif, pour la meilleure place d’hébergement de lux de Bucarest, avec des zones séparées de jour, de repas, de dormir et avec un bar dans l’appartement." />
<meta property="og:url" content="https://www.novotelbucharestcitycentre.com/fr/chambres-appartements/appartement-presidentiel/" />
<meta property="og:site_name" content="Novotel Bucarest City Centre SL" />
<meta property="article:modified_time" content="2022-12-22T11:57:05+00:00" />
<meta name="twitter:card" content="summary_large_image" />
<meta name="twitter:label1" content="Durée de lecture est." />
	<meta name="twitter:data1" content="1 minute" />
<script type="application/ld+json" class="yoast-schema-graph">{"@context":"https://schema.org","@graph":[{"@type":"WebPage","@id":"https://www.novotelbucharestcitycentre.com/fr/chambres-appartements/appartement-presidentiel/","url":"https://www.novotelbucharestcitycentre.com/fr/chambres-appartements/appartement-presidentiel/","name":"Appartement Présidentiel | Novotel Bucharest City Center | Hôtel 4 étoiles","isPartOf":{"@id":"https://www.novotelbucharestcitycentre.com/#website"},"datePublished":"2022-11-29T16:14:26+00:00","dateModified":"2022-12-22T11:57:05+00:00","description":"Réservez l’Appartement Présidentiel exclusif, pour la meilleure place d’hébergement de lux de Bucarest, avec des zones séparées de jour, de repas, de dormir et avec un bar dans l’appartement.","breadcrumb":{"@id":"https://www.novotelbucharestcitycentre.com/fr/chambres-appartements/appartement-presidentiel/#breadcrumb"},"inLanguage":"fr-FR","potentialAction":[{"@type":"ReadAction","target":["https://www.novotelbucharestcitycentre.com/fr/chambres-appartements/appartement-presidentiel/"]}]},{"@type":"BreadcrumbList","@id":"https://www.novotelbucharestcitycentre.com/fr/chambres-appartements/appartement-presidentiel/#breadcrumb","itemListElement":[{"@type":"ListItem","position":1,"name":"Home","item":"https://www.novotelbucharestcitycentre.com/fr/"},{"@type":"ListItem","position":2,"name":"CHAMBRES &#038; APPARTEMENTS","item":"https://www.novotelbucharestcitycentre.com/fr/chambres-appartements/"},{"@type":"ListItem","position":3,"name":"APPARTEMENT PRESIDENTIEL"}]},{"@type":"WebSite","@id":"https://www.novotelbucharestcitycentre.com/#website","url":"https://www.novotelbucharestcitycentre.com/","name":"Novotel Bucarest City Centre SL","description":"Just another D-Edge Accor V2 Sites Hosting site","potentialAction":[{"@type":"SearchAction","target":{"@type":"EntryPoint","urlTemplate":"https://www.novotelbucharestcitycentre.com/?s={search_term_string}"},"query-input":{"@type":"PropertyValueSpecification","valueRequired":true,"valueName":"search_term_string"}}],"inLanguage":"fr-FR"}]}</script>
<!-- / Yoast SEO plugin. -->

Appartement Présidentiel | Novotel Bucharest City Center | Hôtel 4 étoiles

Réservez l’Appartement Présidentiel exclusif, pour la meilleure place d’hébergement de lux de Bucarest, avec des zones séparées de jour, de repas, de dormir et avec un bar dans l’appartement.
